ine w(-45).
25
Let f(s) = -2*s**3 + 33*s**2 - 35*s - 22. Give f(15).
128
Let p(k) = k**3 + 77*k**2 + 494*k + 91. What is p(-70)?
-189
Let z(c) = -2*c**2 + 6*c - 8. Calculate z(7).
-64
Let d(j) = -10*j**2 - 4*j + 23. What is d(-4)?
-121
Let s(z) = -516*z + 10321. What is s(20)?
1
Let r(d) = -d**3 - 20*d**2 + 310*d + 295. Determine r(-30).
-5
Let x(g) = -156*g + 3282. What is x(21)?
6
Let m(s) = -s**2 + 34*s - 331. Give m(15).
-46
Let y(a) = -a**3 - 35*a**2 + 6*a - 14544. Give y(-43).
-10
Let r(t) = 182*t + 3867. Determine r(-21).
45
Let f(s) = -131*s - 642. What is f(-7)?
275
Let f(z) = 4*z**2 + 73*z - 281. Give f(-15).
-476
Let d(s) = 15*s**2 + 2132*s + 318. Determine d(-142).
34
Let s(r) = 7*r**2 - 128*r + 470. Determine s(4).
70
Let v(d) = 3*d**3 + 6*d**2 - 42*d + 203. Determine v(5).
518
Let t(v) = -v**3 + 173*v**2 - 1328*v + 51. Determine t(8).
-13
Let h(y) = -y**2 - 37*y - 192. Give h(-6).
-6
Let m(c) = 192*c - 4615. What is m(24)?
-7
Let a(f) = -29*f + 11. Calculate a(-5).
156
Let z(q) = 20*q + 417. Determine z(-20).
17
Let i(g) = -35*g**2 - 240*g + 37. Give i(-7).
2
Let p(f) = 20*f - 22. Determine p(-7).
-162
Let i(v) = -1078*v - 6465. Give i(-6).
3
Let a(y) = 2*y**2 - 9671*y - 38720. Calculate a(-4).
-4
Let x(t) = -2*t**3 - 129*t**2 + 61*t - 132. Calculate x(-65).
128
Let t(c) = 61*c + 1171. Give t(-20).
-49
Let n(y) = y**3 - 9*y**2 - 17*y + 62. What is n(10)?
-8
Let i(k) = -19*k**3 + k**2 - 6*k - 1. Determine i(2).
-161
Let a(m) = -4*m**3 + 123*m**2 + 27*m + 149. Calculate a(31).
25
Let g(w) = 14*w + 626. Calculate g(-42).
38
Let n(l) = -128*l - 674. Give n(-4).
-162
Let p(l) = l - 65. What is p(-6)?
-71
Let a(y) = -259*y**2 - 188*y - 187. Determine a(-1).
-258
Let q(d) = -104*d - 353. Calculate q(-3).
-41
Let n(m) = -3*m**2 - 346*m - 1498. Give n(-111).
-55
Let l(b) = -b**3 + 11*b**2 + 3*b + 196. Calculate l(12).
88
Let i(z) = -z**2 - 3331*z + 13344. Determine i(4).
4
Let h(b) = -15*b - 1068. Determine h(-68).
-48
Let q(m) = 1831*m + 3667. Determine q(-2).
5
Let m(q) = 46*q - 51. Determine m(-3).
-189
Let g(s) = -2*s**3 - 91*s**2 - 224*s - 273. Determine g(-43).
114
Let p(i) = -89*i - 402. Give p(-4).
-46
Let j(t) = -t**2 + 66*t - 521. Calculate j(9).
-8
Let y(k) = 4*k**3 - k**2 + 27*k + 52. Give y(-2).
-38
Let b(t) = 5*t**2 + 318*t + 1467. Calculate b(-5).
2
Let b(m) = -m**2 + 495*m + 33917. Determine b(-61).
1
Let m(t) = -25*t + 104. What is m(4)?
4
Let n(b) = -2*b**2 - 79*b - 15. Calculate n(-39).
24
Let n(t) = -t**3 + 236*t**2 + 716*t + 234. What is n(239)?
-5
Let c(r) = -r**3 - 14*r**2 + 323*r + 279. Calculate c(-26).
-7
Let w(d) = d**3 - 25*d**2 - 1927*d - 420. Determine w(-33).
9
Let h(n) = 28*n - 363. Calculate h(14).
29
Let x(i) = i**3 - 39*i**2 + 34*i + 171. Give x(38).
19
Let y(s) = s**3 - 13*s**2 + 11*s + 59. What is y(8)?
-173
Let n(r) = r**2 + 10*r - 8. Give n(-6).
-32
Let a(z) = 165*z + 1000. Calculate a(-6).
10
Let z(b) = -2*b**2 + 9*b + 130. Calculate z(11).
-13
Let j(h) = h**2 + 337*h - 4500. Determine j(13).
50
Let r(m) = -3*m**3 - 89*m**2 - 129*m + 308. What is r(-28)?
0
Let q(c) = 1099*c - 4391. What is q(4)?
5
Let i(q) = -11*q**2 + 53*q + 11. What is i(4)?
47
Let q(z) = 1008*z + 25214. Determine q(-25).
14
Let v(h) = -2*h**2 + 148*h + 3213. What is v(91)?
119
Let a(k) = k**3 + 54*k**2 + 107*k + 157. Determine a(-52).
1
Let a(l) = -2*l**3 + 137*l**2 + 210*l - 12. Calculate a(70).
-12
Let z(b) = -b**2 + 82*b - 1408. Calculate z(57).
17
Let p(a) = -a**2 - 54*a + 19145. What is p(114)?
-7
Let z(b) = -3*b**3 - b**2 - 17*b - 17. Calculate z(-1).
2
Let f(a) = 269*a + 18552. What is f(-69)?
-9
Let u(i) = -2*i**3 + 21*i**2 - 4*i + 3. Determine u(8).
291
Let l(n) = 2*n**3 - 58*n**2 - 67*n + 194. Calculate l(30).
-16
Let p(q) = 842*q + 306. What is p(-1)?
-536
Let w(i) = 35*i + 76. Give w(-10).
-274
Let u(a) = -110*a**2 - 1100*a - 1. What is u(-10)?
-1
Let g(w) = -3*w**2 + 114*w - 117. Determine g(37).
-6
Let b(m) = 3*m**3 - 16*m**2 - 6*m + 56. Determine b(5).
1
Let v(h) = h**3 + 44*h**2 + 37*h - 248. Calculate v(-43).
10
Let w(f) = 18*f + 502. Calculate w(-28).
-2
Let a(u) = 22*u - 99. Calculate a(22).
385
Let c(y) = -5*y**2 - 76*y - 25. Calculate c(-21).
-634
Let y(g) = -g**2 + 26*g - 121. Give y(19).
12
Let d(p) = -23*p + 51. Give d(9).
-156
Let q(a) = 43*a**2 + 47*a - 45. Give q(1).
45
Let o(z) = -z**3 + 67*z**2 - 68*z + 105. Give o(66).
-27
Let h(f) = f**3 + 59*f**2 - 21*f - 1251. Give h(-59).
-12
Let v(n) = -42*n - 131. Give v(-3).
-5
Let g(m) = 1123*m + 1131. Give g(-1).
8
Let y(q) = -39*q - 5792. Determine y(-150).
58
Let d(q) = -907*q + 28125. Calculate d(31).
8
Let s(a) = 301*a - 1813. What is s(6)?
-7
Let y(l) = 39*l**3 - 14*l - 13. Give y(-1).
-38
Let b(h) = -h**2 - 25*h - 50. Give b(-22).
16
Let r(s) = 15*s**2 + 51*s + 37. What is r(-3)?
19
Let i(s) = 5*s**2 - 388*s + 1936. What is i(5)?
121
Let n(a) = -a**2 - a + 410. Give n(0).
410
Let h(w) = -2*w**3 + 167*w**2 - 41*w - 3485. Determine h(83).
1
Let n(w) = -w + 134. Give n(18).
116
Let s(p) = -2*p**2 - 54*p + 699. Give s(-36).
51
Let z(q) = -110*q + 259. Give z(3).
-71
Let g(f) = -72*f - 2599. Give g(-36).
-7
Let n(a) = -155*a - 3. Calculate n(0).
-3
Let r(a) = 742*a + 3292. Give r(-4).
324
Let g(r) = -11*r - 2715. Determine g(-247).
2
Let d(k) = k**3 - 12*k**2 + 16*k + 14. Determine d(6).
-106
Let a(s) = -11*s**2 + 26*s + 99. Calculate a(-7).
-622
Let n(c) = c**2 + 9*c + 128. Calculate n(-7).
114
Let y(f) = 21*f - 437. What is y(19)?
-38
Let p(h) = -h**2 - 35*h - 232. What is p(-9)?
2
Let i(o) = o**2 - 43*o + 127. Give i(42).
85
Let p(z) = 1427*z + 7135. Calculate p(-5).
0
Let k(z) = -5*z**3 + 188*z**2 + 79*z - 119. What is k(38)?
-5
Let v(m) = -40*m - 649. Determine v(-18).
71
Let u(f) = 564*f + 9600. Calculate u(-17).
12
Let c(y) = y**3 + 8*y**2 - 64*y - 14. Give c(5).
-9
Let k(r) = 4*r**3 + 6*r**2 - 11*r + 3. Calculate k(1).
2
Let y(a) = -a**3 - 10*a**2 - 47*a - 99. What is y(-8)?
149
Let i(d) = 30307*d - 242457. Give i(8).
-1
Let x(n) = -n**3 + 39*n**2 + 85*n - 136. Calculate x(41).
-13
Let v(n) = 2*n**3 + 8*n**2 - 13*n - 20. Give v(-1).
-1
Let u(h) = -175*h + 877. Give u(7).
-348
Let w(h) = -h**2 - 78*h - 834. Determine w(-66).
-42
Let f(z) = z**3 + 5*z**2 - 3*z + 30. Give f(-10).
-440
Let y(n) = -280*n - 203. Calculate y(-1).
77
Let v(f) = 44575*f + 133730. Give v(-3).
5
Let g(i) = 38*i + 1256. Determine g(-12).
800
Let x(v) = v**3 - 43*v**2 + 40*v + 177. Give x(42).
93
Let t(r) = -4*r**2 - 521*r - 2161. Determine t(-126).
-19
Let u(r) = 2*r**3 - 30*r**2 - 34*r + 17. Give u(16).
-15
Let v(s) = -s**3 + 4*s**2 - 18*s - 56. Give v(-2).
4
Let k(s) = -3*s**3 + 167*s**2 + 230*s - 138. Determine k(57).
-24
Let c(r) = -2*r**3 - 49*r**2 + 29*r - 58. What is c(-25)?
-158
Let m(o) = -2308*o + 9233. Give m(4).
1
Let i(y) = 469*y - 1895. Give i(4).
-19
Let s(f) = -f**3 + 16*f**2 + 62*f - 92. Determine s(19).
3
Let c(v) = 12*v - 286. Calculate c(-12).
-430
Let i(z) = 4473*z - 17866. What is i(4)?
26
Let s(i) = -i**2 - 19*i + 1328. What is s(30)?
-142
Let c(h) = -138*h - 958. Calculate c(-7).
8
Let d(b) = 7*b**2 + 273*b + 755. What is d(-36)?
-1
Let o(r) = -5*r**2 + 8*r + 17. Determine o(-2).
-19
Let j(o) = 84*o - 412. Calculate j(5).
8
Let d(l) = -255*l - 7340. What is d(-29)?
55
Let d(b) = -1041*b + 8367. Determine d(8).
39
Let k(m) = m**3 + 7*m**2 - 17*m + 4. Determine k(2).
6
Let p(t) = 485*t + 2473. What is p(-5)?
48
Let r(l) = 23*l**3 + 9*l**2 - 9*l + 1. Determine r(1).
24
Let j(c) = c**2 + 22*c - 1245. Calculate j(-41).
-466
Let m(n) = n**3 - 56*n**2 + 301*n + 3. What is m(50)?
53
Let j(q) = -2*q**2 - 40*q - 200. Give j(-13).
-18
Let b(p) = -2*p**3 - 33*p**2 + 54*p + 11. Calculate b(-18).
11
Let b(t) = -19*t**3 - 8*t + 5. Give b(2).
-163
Let s(h) = -76*h - 752. Give s(-10).
8
Let z(m) = -m**3 + 221*m**2 + 903*m - 677. Calculate z(225).
-2
Let s(w) = -454*w + 933. What is s(2)?
25
Let z(a) = 204*a - 2835. Calculate z(14).
21
Let f(v) = 2*v**3 - 14*v**2 + 12*v + 31. What is f(5)?
-9
Let w(d) = d**3 - 12*d**2 - 4*d - 29. Give w(12).
-77
Let k(y) = -4*y**3 - 39*y**2 - 5*y - 64. Determine k(-8).
-472
Let v(c) = -c**2 - 52*c + 97. Give v(-52).
97
Let z(r) = 2*r**3 - 84*r**2 - r - 16. What is z(42)?
-58
Let i(g) = -g**3 - 3*g**2 - 26*g - 68. Give i(-3).
10
Let m